 the tens digit of ((-225)/(-3))/3 + 3?
2
Let x(b) = -b + 2. Suppose -6 = -2*l, 0 = -f - l - 2*l + 2. What is the units digit of x(f)?
9
Let t be (-1 + -1)*(-10)/4. Suppose 0 = -2*u + 6*u - 4*l - 12, t*u = -4*l + 33. Suppose -a + 0*a = 5*b - 31, -39 = -u*a + 4*b. What is the tens digit of a?
1
Let r(x) = 5*x + 1. Let i be r(-1). What is the units digit of (-3)/(i/((-16)/(-6)))?
2
Let g(u) = 11*u**3 + 5*u**2 + 11*u - 5. Let p(f) = 3*f**2 + 11*f + 3*f**3 - 4*f - 3 + 4*f**3. Let q(i) = -5*g(i) + 8*p(i). What is the units digit of q(2)?
7
Let o = 150 + -76. Suppose -t = t - 2, 5*i = t + o. What is the tens digit of i?
1
Let w = -11 + 15. Suppose -w*v - v = -80. What is the units digit of v?
6
Let w(t) = -t + 13. Let j be w(9). Suppose 0 = -j*y - c + 53, 0 = -2*y + 2*c + 3*c + 43. What is the units digit of y?
4
What is the units digit of (-1 - (-1)/(-5))/((-18)/480)?
2
Let c = 44 + -48. Suppose 0 = -2*r + j + 24, -4*r - j = -0*r - 42. Let h = c + r. What is the units digit of h?
7
Let s = -52 + 105. Suppose 4*p - 39 = s. Let w = p + -8. What is the tens digit of w?
1
Suppose 2*a = 31 - 5. Let z = -5 + a. What is the units digit of z?
8
Suppose -h - 19 = 2*g - 0*h, 17 = -2*g - 3*h. Let f be ((-4)/8)/((-1)/g). What is the units digit of (-2)/10 - 31/f?
6
Suppose 0 = p - 3*t - 21 - 160, 0 = -p + 4*t + 182. What is the units digit of p?
8
Suppose 0 = 12*a - 9*a - 3. Let j = 0 - -2. Suppose 0 = -o - a + j. What is the units digit of o?
1
Suppose -3*z = 2*d - 299, 0 = d - 1 + 6. What is the hundreds digit of z?
1
Let l(k) be the third derivative of k**5/60 - 5*k**4/24 + k**3/6 + k**2. Let a be 2 + (-3)/((-2)/2). What is the units digit of l(a)?
1
Suppose 0 = -h + 2*z + 2*z + 122, 5*z + 121 = h. What is the hundreds digit of h?
1
Let f(v) = -28*v - 19. What is the tens digit of f(-6)?
4
Suppose -10*q = -7*q - 408. What is the units digit of q?
6
Let r(d) = -5*d**3 + 9*d**2 - 2*d + 3. Let g(p) = -4*p**3 + 8*p**2 - p + 2. Let a(o) = 4*g(o) - 3*r(o). What is the units digit of a(5)?
9
Let r(o) = -o - 5. Suppose i - 5*i + 8 = 0. Suppose i*c - c = -7. What is the units digit of r(c)?
2
Let u(l) be the second derivative of l**7/2520 - l**6/144 + l**5/120 + l**4/6 + 2*l. Let y(x) be the third derivative of u(x). What is the units digit of y(5)?
1
Suppose -10 = x + 5*z, -3*z + 86 = 2*x - 6*x. Let p = -2 - x. What is the units digit of p?
8
Let f = 3 + 24. Let z = -11 + f. Suppose d - 5*d + z = 0. What is the units digit of d?
4
Let m(q) = 4*q + 2. Let i be m(2). Let x = i + -7. What is the units digit of 2 + 0 - (x + -2)?
1
Suppose 2*q - 18 = -0*g - 2*g, 15 = g - q. What is the tens digit of g?
1
Suppose -3*b + 37 = -23. What is the tens digit of ((-96)/(-10))/(4/b)?
4
Suppose 53 - 335 = -6*d. What is the units digit of d?
7
What is the units digit of (-2)/(-4) - 102/(-4)?
6
Let s = 12 - 8. What is the tens digit of (-1)/s + 147/12?
1
Suppose l + 4 = -l - 3*u, -4*l - 4*u = 0. Suppose 2*c - l*p = -0*p + 32, 17 = 2*c - p. What is the units digit of c?
6
Suppose 2*m + 12 + 16 = 4*h, -4 = -4*h - 4*m. Suppose h*v + 34 = 4*r - r, 0 = -2*r + 2*v + 20. What is the units digit of r?
8
Let p(n) = n**2 + 2*n - 5. Let o be p(-5). Suppose -3*x - 2*x = -o. Suppose 5*a = x*a + 18. What is the units digit of a?
6
Suppose 3*z = 4*d + 23 - 4, 5*d = -5*z - 15. What is the units digit of (-148)/(-28) + d/14?
5
Suppose 3*q = 8*q - 5*o - 125, 137 = 5*q + o. What is the tens digit of q?
2
Suppose 3*v - 3*t = -0*t + 165, -251 = -5*v - t. What is the tens digit of v?
5
Let i(s) = 2*s - 11. Let j be i(8). Suppose -2*d + j = -9. What is the units digit of d?
7
Let h be -16 - (-1)/2*0. Suppose 0 = v - x - 30, 122 = 3*v + v - 5*x. Let d = v + h. What is the units digit of d?
2
Suppose 0 = -m + 3*m + 4. Let u be (-46)/(-12) - m/12. Suppose -u - 6 = -5*w. What is the units digit of w?
2
Suppose 5*a - 3*g - 68 = 0, -a + 5*g + 12 = a. What is the units digit of a?
6
Let z be (20/25)/((-2)/30). What is the units digit of (-3)/(-18) - 322/z?
7
Suppose 17 = u + 2. Suppose u = 4*y - y. Suppose -6*b + 2*b + 71 = -3*p, -y = p. What is the tens digit of b?
1
Suppose 2*x = 4*x + 12. What is the units digit of (-100)/x + (-4)/6?
6
Let j(n) = n**3 + 6*n**2 - 2*n + 1. Let i(g) = -g - 14. Let o be i(-10). What is the units digit of j(o)?
1
Let l(g) = g**2 + 11*g + 14. What is the units digit of l(-11)?
4
Suppose 4*c - 26 = 66. What is the units digit of c?
3
Let d = -3 - -4. Suppose -2*l - d = -23. What is the tens digit of l?
1
Suppose 8*w = 4*w + 228. What is the tens digit of w?
5
What is the hundreds digit of (20 - 18)/(2/133)?
1
Suppose 0*b + 2 = -2*c - 3*b, 0 = -3*c - 4*b - 1. Suppose -x - 2*x - 35 = -c*g, -5*g - 4*x + 70 = 0. What is the tens digit of 1*(g + 1 + -1)?
1
Let a(w) = w**2 + 5*w + 9. What is the units digit of a(-8)?
3
Suppose -w = -1, 3*g - g - w = 27. What is the tens digit of g?
1
Let h(r) = r + 9. Let p(o) = -o - 9. Let a(v) = -5*h(v) - 4*p(v). Let j be a(-9). Suppose j = 2*b - 2*m - 14 - 6, 15 = 5*m. What is the tens digit of b?
1
Let f = 7 + -4. Let t be 7/(2*4/(-16)). What is the units digit of t/(-6) + (-1)/f?
2
Suppose -2*d + 144 + 86 = 0. What is the hundreds digit of d?
1
What is the tens digit of (156/(-48))/(1/(-68))?
2
Let s be (-18)/12*16/(-6). Suppose -747 = s*u + 313. What is the tens digit of u/(-15) - 4/6?
1
Let u be (-27)/5 - (-4)/10. Let j be -3 + u/(10/8). Let t = 10 + j. What is the units digit of t?
3
Suppose -s - 3 = 2*s. What is the tens digit of s/2*-11*2?
1
Suppose -2*m + 2*d - 211 = -3*m, -3*d - 1042 = -5*m. What is the units digit of m?
9
Let f(g) = g**2 - 2. Let d be f(-2). What is the units digit of -2 + 10*(-1 + d)?
8
Suppose -2*j + 7 = -3*c + 30, -2*c = j + 1. Let k(v) = v + 14. What is the units digit of k(j)?
7
Let q(w) = w + 2. Let a be q(7). Suppose -3*j + 24 = 3*p - 0*p, 25 = 3*p + 4*j. Let o = a + p. What is the units digit of o?
6
Let k(v) = 4*v - 1. Let n be k(2). Let m(p) = p**3 - 7*p**2 + 3. Let f be m(n). What is the units digit of 1/f - (-28)/6?
5
Let o = 44 + -118. Let f = -52 - o. What is the units digit of f?
2
Let t = 32 - 29. What is the units digit of t?
3
Let a be (-1)/4 + 92/(-16). Let n be ((-16)/a)/((-2)/6). Let k = -1 - n. What is the units digit of k?
7
Suppose -23 = -5*g + 62. Let l be g + -2 - (-2)/(-1). Let t = l + -6. What is the units digit of t?
7
Let x(u) = -16*u - 17. What is the units digit of x(-6)?
9
Let v(g) = g**3 + g + 6. Let w be v(0). Suppose -h = -2*s - 4, -h = -w*h - 4*s + 76. What is the tens digit of h?
1
Let m = 5 + -3. Suppose 3*j - 13 - 12 = m*w, -2*j = -3*w - 10. What is the units digit of j?
1
Let b(d) = -d. Let t(r) = -r**2 + 2*r - 7. Suppose -w + 3*k = 4*w - 10, -3*w = -4*k - 17. Let v(u) = w*t(u) - 4*b(u). What is the tens digit of v(-5)?
2
Let a = 43 - -80. Suppose 0 = -5*w + a - 43. Let h = -11 + w. What is the units digit of h?
5
Suppose 2*x - 5*x = -12. Let f be (-30)/(-5) - x/2. Suppose 5 + f = y. What is the units digit of y?
9
Let r(v) = -v**3 + 4*v**2 - v + 3. Suppose a - 1 = 2. What is the units digit of r(a)?
9
Let h(a) = -4*a + 2. What is the tens digit of h(-7)?
3
Let b(i) = -i**2 + 12*i - 12. Suppose -121 = -3*r + 2*n - n, r - 3*n - 43 = 0. Suppose 0*m - r = -4*m. What is the units digit of b(m)?
8
Let m = -22 + 8. Let x = -7 - m. What is the units digit of x?
7
Suppose -2*t = -23*t + 4977. What is the tens digit of t?
3
Let b be 8/3*(-6)/(-4). Suppose 6*i - 8 = b*i. What is the units digit of i?
4
Suppose 15 - 2 = 3*a + r, 0 = -4*a - 3*r + 24. Suppose -a*o + 1 = -2*o. What is the units digit of o?
1
Suppose s + 2*p = 3*s - 6, -2*s - p = -6. Suppose 2*h - 36 = -4*o, o - 18 = -s*h - 2*h. What is the units digit of o?
8
Let c(f) = -f**3 + 7*f**2 + 3. Let p be c(7). Let w(x) = x - 1 + x - x. What is the units digit of w(p)?
2
Let r = 72 + -22. What is the units digit of r?
0
Let p be (-44 + -4)*14/(-8). Suppose -4*q = -0*q - p. What is the units digit of q?
1
Let m(g) be the second derivative of -g**3/6 + 6*g**2 + 2*g. Suppose -3*d - d = -32. What is the units digit of m(d)?
4
Let y(g) = -g - 1. Let n be y(1). Let x be 21/6 - n/(-4). Let j(z) = z**2 - z + 2. What is the units digit of j(x)?
8
What is the tens digit of (9/12)/(1/24)?
1
Let x(y) = -16*y + 1. Let b be x(-2). Suppose -2*d = -